. Suppose -4*d = -4*c + 200, d = 2*c + 3*c - k. What is the remainder when c is divided by 19?
16
Suppose 22 = -4*d + 82. Calculate the remainder when d is divided by 10.
5
Suppose y + 2*y - 19 = 5*l, 5*y - 35 = 5*l. What is the remainder when y is divided by 3?
2
Let w = -36 + 54. Calculate the remainder when 34 is divided by w.
16
Let n(w) = 2*w**2 - 51*w - 30. Calculate the remainder when n(29) is divided by 58.
57
Let x = 3 + 5. Calculate the remainder when 38 is divided by x.
6
Let k = -17 - -22. What is the remainder when 17 is divided by k?
2
Suppose 5*z = 6*z + 188. Let x = 30 - 8. What is the remainder when x is divided by z/(-16) - (-1)/4?
10
Suppose -2*y + 3*y = 90. Suppose 4*q - 6*q - 5*b + 57 = 0, -2*b = 4*q - y. Calculate the remainder when 41 is divided by q.
20
Let l be (-6)/(-1*(3 - 4)). Let n = 8 + l. What is the remainder when n is divided by 3/2 + (-1)/(-2)?
0
Let g be 230/(-15) - 4/6. Let f be -5*4/10*g. Suppose -4*b + f = 4*q, 11 = b - 0*q - 2*q. Calculate the remainder when 17 is divided by b.
8
Suppose 0 = -2*r - r + 51. What is the remainder when 1*(-2 - -3) + (-62)/(-2) is divided by r?
15
Suppose 12 = 3*z - y - 32, 4*y = -3*z + 34. Calculate the remainder when 67 is divided by z.
11
Suppose -31 - 11 = 2*o. Suppose -q - 18 = -3*q. What is the remainder when q is divided by o/(-3) - (1 + 1)?
4
Let q be (-2 + 69/6)*10. Let x = 24 + q. What is the remainder when x is divided by 30?
29
Let f(y) = y + 4. Calculate the remainder when 18 is divided by f(6).
8
Suppose 5*i + 112 = 5*v - 163, i + 157 = 3*v. Calculate the remainder when v is divided by 27.
24
Let z(h) = h + 1. Suppose 0 = -4*r + r. What is the remainder when 2 is divided by z(r)?
0
What is the remainder when 294/(-7)*8/(-6) is divided by 12?
8
Let l = -43 - -30. Let n = 21 + l. Calculate the remainder when 22 is divided by n.
6
Let y = 28 - 13. Suppose 5*c = 2*c + 528. Suppose 4*h + 0 = c. Calculate the remainder when h is divided by y.
14
Suppose 3*j + 63 = 6*j. Calculate the remainder when 62 is divided by j.
20
Suppose -h + 6 = -4. Suppose -2*g - h = -46. What is the remainder when 35 is divided by g?
17
Suppose -5*j - 5 = 4*r, -2*j - 3*r = 3*j + 5. Let a(b) = 37*b**2 + b + 1. Let f(x) = -3*x + 13. What is the remainder when a(j) is divided by f(0)?
11
Let m(h) = 2*h**2 - 6*h - 2. Let u be (-2)/(-2)*(2 - -3). Suppose -30 = -7*t + 4*t. What is the remainder when m(u) is divided by t?
8
Let s = -33 + 91. Calculate the remainder when s is divided by 13.
6
Let h(s) = -s**3 - 11*s + 9*s - 3*s**2 + 1 + 0*s**2 + 3. Calculate the remainder when 27 is divided by h(-3).
7
Suppose -4*c + 4*v = -0*v - 104, 3*v - 38 = -c. Suppose k = -h + 2*k + c, k - 64 = -2*h. What is the remainder when h is divided by 8?
7
Suppose -2*q - x - 3 + 33 = 0, -q - 5*x = -33. Suppose 3*g = 5 + 10. What is the remainder when q is divided by g?
3
Suppose -p = 4*p - 150. Calculate the remainder when p is divided by 8.
6
Suppose -5*m - 29 = -124. Calculate the remainder when 1519/42 + 3/(-18) is divided by m.
17
Let v be 136/(-1) - (0 - 2). Let x = -94 - v. What is the remainder when x is divided by 14?
12
Suppose -5*m + 2*m = 3*c - 102, -5*c + 30 = m. Suppose 24 = -0*a + 2*a. What is the remainder when m is divided by a?
11
Let a(v) = v + 9. Let s = 11 - 16. Calculate the remainder when 6 is divided by a(s).
2
Suppose -6 = -4*l - 254. Let w = -36 - l. Let f(h) = 2*h**2 - 4*h - 2. What is the remainder when w is divided by f(4)?
12
Suppose 4*l - 16 = -0. Suppose 5*o - 3*h + 10 = 6*o, -4*o = l*h - 32. Suppose 0 = -a - 4*a + 60. What is the remainder when a is divided by o?
5
Let w be 10/(-2 + 1 - -3). What is the remainder when 64 + -2 + (w - 2) is divided by 17?
14
Suppose -o + g + 16 = 3*o, -3*o + 4*g = -12. Let b = -5 - -17. What is the remainder when b is divided by o?
0
Let r(g) be the third derivative of 0 + 1/60*g**5 + 3*g**2 + 0*g - 7/6*g**3 + 1/8*g**4. Calculate the remainder when 3 is divided by r(-5).
0
Let l be 1/(2/5)*2. Suppose -2 = b + b, -28 = -l*d + 3*b. Suppose 0*t - 8 = -t. What is the remainder when t is divided by d?
3
What is the remainder when (-7)/(28/(-12)) - 1*-54 is divided by 29?
28
Suppose 2*u - 14 = -h - h, 5*h + 2*u = 35. Let w(q) = q**3 - 8*q**2 + 7*q - 1. Let a be w(h). Calculate the remainder when 32 + 3/3*a is divided by 11.
9
Let o be 4 + (-3)/(3/(-92)). Suppose 5*y = 9*y - o. Calculate the remainder when y is divided by 13.
11
Suppose -l - 4*x = -110, 2*l + 2*x - 205 = -x. What is the remainder when l is divided by 33?
32
Suppose k - 12 = -3*k. Suppose 13 = d + k*n, 160 = 5*d - n - 3*n. Suppose r + s = -0*r + 13, -2*r = -3*s - 11. Calculate the remainder when d is divided by r.
8
Let j be (-2)/1*(-6)/4. Suppose 4 + 14 = j*w. Let r(q) = 2*q**2 - 8*q + 1. Calculate the remainder when r(w) is divided by 9.
7
Suppose -3*d = 2*r + 21, 3*r - 1 = 4*d + 10. Calculate the remainder when 35/((-3)/r)*1 is divided by 19.
16
Calculate the remainder when (-4)/((-32)/(-236))*-2 is divided by 31.
28
Suppose h + 4*q = -h + 34, 43 = 5*h - 4*q. Suppose -4*r = -28 - 96. What is the remainder when r is divided by h?
9
Suppose -10*i + 6*i = -124. What is the remainder when i is divided by 10?
1
Let v = 193 + -96. Calculate the remainder when v is divided by 33.
31
Let g(p) = 8*p**2 - p + 1. Let t(s) = s. Let h(l) = g(l) + t(l). What is the remainder when h(-1) is divided by 4?
1
Let y be (-12166)/(-49) + 2/(-7). Suppose 0*p - 4*p + y = 0. Calculate the remainder when p is divided by 21.
20
Let q(f) = -f**2 + 11*f - 11. Let t be (10 + -9)/((-1)/(-9)). Calculate the remainder when 27 is divided by q(t).
6
Suppose 39 = -2*r - 5*d, -5*r - 182 = -2*d - 70. Let f = 41 + r. What is the remainder when 75 is divided by f?
18
Let m(i) = 3*i - 1. Let l be m(-2). Let c(w) = -w**2 - 8*w + 1. Calculate the remainder when 31 is divided by c(l).
7
Let i(h) = 5*h - 5. Let p be i(-4). Let u = p + 56. What is the remainder when u is divided by 8?
7
Let d = 25 + -25. Suppose 4*j = -c - 4 + 45, d = 5*j - 25. What is the remainder when 83 is divided by c?
20
Let m = 3 - 5. Let y(n) = 9*n - 7. What is the remainder when y(4) is divided by ((-50)/15)/(m/6)?
9
Let s(f) = 3*f - 41. What is the remainder when 50 is divided by s(18)?
11
Suppose 0*g - 68 = -g. Let c = g + 97. Suppose -f + 6*f - c = 0. Calculate the remainder when f is divided by 17.
16
Suppose -38 = 3*z - r - 234, 3*z + 3*r = 216. Calculate the remainder when z is divided by 14.
11
Suppose 9*m - 36 = 8*m. What is the remainder when 249 is divided by m?
33
Suppose t + 14 = 2*t. Let f(i) = -2*i + 25. What is the remainder when f(-8) is divided by t?
13
Let s(l) = 4*l**2 + 5*l + 7. Suppose 10*f - 11*f + 21 = 0. What is the remainder when s(-5) is divided by f?
19
Let y be (-6)/39 + (-4)/(-26). Suppose -4*c + 0*c + 64 = y. What is the remainder when c is divided by 9?
7
Let b(y) = y**3 - 5*y**2 - 3*y - 1. What is the remainder when b(6) is divided by 13?
4
Suppose -3 = -p, p - 18 = -4*f - 3. Calculate the remainder when 23 is divided by f.
2
Let f = -35 - -52. Calculate the remainder when 31 is divided by f.
14
Let f(h) = h**3 + 7*h**2 - 23*h - 27. Calculate the remainder when f(-9) is divided by 7.
4
Suppose -3*f + 20 = -2*f. Let m = f + -17. What is the remainder when -1*3/((-3)/7) is divided by m?
1
Suppose 5*h = 3*j - 17, 3*j + 5*h + 32 = 99. Let w = -4 - -5. What is the remainder when (-26*w*-1)/1 is divided by j?
12
Let y(v) = -v**3 - 7*v**2 - 6*v + 6. Let j be y(-6). Suppose -j = -2*p + 18. Let b(k) = -2*k + 1. What is the remainder when p is divided by b(-3)?
5
Let z = 66 + -36. Calculate the remainder when z is divided by 21.
9
Calculate the remainder when 92 is divided by (3 + (-177)/9)*12/(-10).
12
What is the remainder when (-1)/9 - (-981)/81 is divided by 7?
5
Let z(r) = 3*r - 2. Let b be z(2). Suppose b*a - 4 = 2*a. What is the remainder when a is divided by 1?
0
Let g(b) = -2*b - 1. Let z = 139 - 85. Suppose 2*q + 12 = z. Calculate the remainder when q is divided by g(-6).
10
Suppose -5*s + 47 + 13 = 0. What is the remainder when 20 is divided by s?
8
Let r be 1/(2*3/(-114)). Calculate the remainder when (-2)/(2/r)*1 is divided by 10.
9
Let u = -72 + 85. Calculate the remainder when 49 is divided by u.
10
Let o(x) = x**2 - 9*x +